177 + t. What are the prime factors of r?
3, 5
Suppose 0 = 2*x - 3*z + 17, -z - 1 = 4*x + 4*z. Let p be (-6)/x*138/9. Suppose p - 5 = g. List the prime factors of g.
2, 3
Suppose 0*l = -3*l - 4*o + 14, 2*l - o = 2. Suppose l*s + 234 = 5*s. What are the prime factors of s?
2, 3, 13
Suppose 2*c - 9 = -3. Suppose -c*i - 91 = -4*i. Suppose 3*m = u + i, -5*u = 3*m - 4*u - 95. What are the prime factors of m?
31
Let j(c) = -2*c**3 - 11*c**2 - 4*c - 14. What are the prime factors of j(-8)?
2, 13
Suppose -4 = -5*z + 3*z. Let t = -64 - -71. Suppose 4*a - 20 = 0, z*u - a = 2*a - t. List the prime factors of u.
2
Let o = 954 - 565. List the prime factors of o.
389
Let h be -6*(21/18 - 2). Suppose 158 + 247 = h*l. List the prime factors of l.
3
Let u(r) = -2*r**3 + 13*r**2 + 26*r + 75. What are the prime factors of u(-12)?
3, 1697
Suppose -22 = h + 3*b, h + 2*h = 3*b - 6. List the prime factors of 2/h - (-5934)/42.
3, 47
Let r(s) = 4*s**2 + 10*s + 6. Let b be r(-6). List the prime factors of -2 + b + (6 - 6).
2, 11
Let b(c) = 6*c - 8. Let t(o) = -7*o + 5. Let n(y) = 7*y - 6. Let w(f) = 4*n(f) + 3*t(f). Let h(m) = 4*b(m) - 3*w(m). List the prime factors of h(5).
2, 5
Let j(t) = -21*t**3 + 2*t**2 - t - 2. Let c be j(-2). Suppose -3*z - z + c = 0. List the prime factors of z.
2, 11
Let a(d) = -67*d**3 - 6*d - 8. List the prime factors of a(-2).
2, 3, 5
Suppose 3*z = 4*z - 54. Suppose -2*u - 7*u = -z. List the prime factors of u.
2, 3
Let v(y) = -4*y**3 - 16*y**2 + 2. List the prime factors of v(-11).
2, 3, 5, 113
Let v be ((-16)/24)/(1/3). Let m be (147/6)/(-7)*v. Let n(h) = -h + 12. What are the prime factors of n(m)?
5
Suppose -5*y - 65 = -75. Suppose -y*l + 0*l - 386 = -4*g, -2*l - 101 = -g. List the prime factors of g.
5, 19
Let u(n) = -n**2 + 12*n - 16. Let b be u(10). Suppose -2*q = 3*r - 157, -20 = -2*r + b*q + 106. What are the prime factors of r?
5, 11
Suppose 0 = s + 5*o - 21, -4*s - o = 6 + 5. List the prime factors of (2/s)/(8/(-944)).
59
Let m(j) be the first derivative of 6*j**2 - 1. List the prime factors of m(1).
2, 3
Let v = -51 - -8. Let o(g) = -g**3 - 4*g - 10. Let s be o(-4). Let p = v + s. What are the prime factors of p?
3
Let h = 252 + 861. List the prime factors of h.
3, 7, 53
Let c be (-3 - -5) + (-3)/(-6)*-22. List the prime factors of 78/((-42)/c + -4).
3, 13
Suppose 2*g + 4*v = 0, 3*v + 15 = -2*g + 3*g. Suppose 0 = -g*h + 2*h - 248. Let x = h - -97. List the prime factors of x.
5, 7
List the prime factors of (-3 - (-45)/12)/(2/648).
3
Let r be 38/12 + (-2)/12. Let z = 6 - r. Suppose z*j = 54 - 9. List the prime factors of j.
3, 5
Let p = 10 + -8. Suppose -n - 2*n = p*j - 85, 3*j = n - 10. What are the prime factors of 66/10 - (-10)/n?
7
Let o(g) = 4*g**2 + 3*g + 2. Let j be o(-2). Suppose 2*n - 6*n = -j. Let c = n - -4. List the prime factors of c.
7
Let k = 1782 + 1292. List the prime factors of k.
2, 29, 53
Let a(s) = s**3 + 2*s**2 - 4*s + 2. Let y be a(2). Let b be y*(-2 - -1)*-5. Suppose 5*t - 3*t = -5*h + 125, 2*h - 4*t = b. List the prime factors of h.
5
Let g = -20 - -20. Let k(j) = 2*j - 20. Let y be k(g). What are the prime factors of (y/14)/((-1)/14)?
2, 5
Let c = 70 - 70. Let w = 27 + -12. Suppose -5*l = -c - w. List the prime factors of l.
3
Let s = 134 + 15. Suppose 0 = -60*y + 61*y - 3. What are the prime factors of (-2)/4*(y - s)?
73
What are the prime factors of (18 + 18)/(2/16)?
2, 3
Let g(n) = 3*n - 5. Let q be ((-2)/(-3))/(1/(-6)). Let l be 6/q + 22/4. List the prime factors of g(l).
7
Let q(w) = -11*w + 3. Let v be q(2). Let h = 73 + v. List the prime factors of h.
2, 3
Let u be ((-13)/6)/((-12)/72). Let g = u + -9. Suppose 0 = -g*l - 56 + 252. What are the prime factors of l?
7
Let l be 4/(-16)*-3*-4. What are the prime factors of 1 - 2/(l - 230/(-78))?
2, 5
Let y = -6 - -30. Suppose -3*c + 7*c = y. List the prime factors of c.
2, 3
Let w = 149 + -88. What are the prime factors of w?
61
Suppose 0 = 5*o - 1478 - 42. List the prime factors of o.
2, 19
Let v = -4 - -9. Let k(h) = -h**3 + 6*h**2 - 3*h - 2. Let b be k(v). Suppose b = -5*t + 83. List the prime factors of t.
3, 5
Let o(f) = 7*f + 5. Let j be o(5). Suppose 5*q = 13*q - j. What are the prime factors of q?
5
Suppose 1118 = 5*y - 487. Let h = -210 + y. List the prime factors of h.
3, 37
Let g = -7922 + 11392. What are the prime factors of g?
2, 5, 347
Let l(w) = 26*w - 1. Let g = 14 - 22. Let o = 10 + g. List the prime factors of l(o).
3, 17
Let j(g) = -13*g**2 - 2*g. Let h(u) = -u**2 + 1. Let w(v) = 4*h(v) - j(v). What are the prime factors of w(-2)?
2, 3
What are the prime factors of (-1 + 46/4)*172/2?
3, 7, 43
Let b(d) = -d**2 - 7*d + 1. Let y be b(-7). Suppose -j - 27 + y = -r, r = 5*j + 130. Let w = j - -76. What are the prime factors of w?
2, 5
Let s(f) = f**2 + 8*f + 4. Let k be s(-4). Let w = 12 + k. Suppose -x + n + 12 = 0, w = 3*n - 7*n + 20. List the prime factors of x.
17
Suppose 3*m + 31 = 2*x - 108, x - 68 = 3*m. List the prime factors of x.
71
Let r(x) = -x**3 - 6*x**2 + 6*x - 1. Suppose -5 = -2*d + 4*d + 3*w, 0 = 5*d + w + 32. Let z be r(d). What are the prime factors of z/4*(-50)/(-3)?
5
Suppose q - 5*y = 2205, -2*q + 4395 = -4*y - y. What are the prime factors of q?
2, 3, 5, 73
Suppose -5*i = -2*v - 10874, 13*i - 17*i - 3*v + 8713 = 0. What are the prime factors of i?
2, 17
Suppose 0 = -2*b + 6*b - 952. List the prime factors of b.
2, 7, 17
Suppose -4*j + 0*j + 4 = 0. Let v = 88 + -43. Let d = j + v. What are the prime factors of d?
2, 23
Suppose 22 = -o - 4*a - a, 2*o - 2*a - 16 = 0. Suppose 3*p = -o*b + 7*p + 207, -139 = -2*b + 3*p. What are the prime factors of b?
5, 13
Suppose 7844 + 7500 = 28*f. What are the prime factors of f?
2, 137
Suppose -2*w = p + 3*p + 32, -4*w = p - 6. List the prime factors of (2028/p)/(-3) + 26/65.
2, 17
Suppose 0 = -49*v - 76*v + 627875. What are the prime factors of v?
5023
Let p(m) = -m**2 + m + 9. Let t(b) = 2*b**2 - 10. Let l(z) = 3*p(z) + 2*t(z). List the prime factors of l(4).
5, 7
Suppose -25*i - 7*i = -25824. List the prime factors of i.
3, 269
Let c be 6/4*(-2224)/(-12). Suppose 0*o - c = -5*o - 3*b, 0 = -5*o + 5*b + 310. Let r = o + -16. What are the prime factors of r?
2, 3, 7
Suppose 5*b = -5*g - 0*b - 10, -2*b - 10 = 0. Suppose 0 = -4*r + 3*h + 41, -g*h = -2 + 11. What are the prime factors of r?
2
Let a(u) = 7*u**2 - u + 2. Let z be a(1). Suppose 3*d - z*d = -10. Suppose 4*k + 9 = c + 46, d*k + c = 23. List the prime factors of k.
2, 5
Suppose -30*j + 5 = -35*j. List the prime factors of (-854)/(-56) + j/4.
3, 5
Let w(m) be the third derivative of 1/15*m**5 + 0*m + 0 - 1/24*m**4 + 4*m**2 + 0*m**3. List the prime factors of w(3).
3, 11
List the prime factors of 48/(((-10)/(-40))/((-19)/(-6))).
2, 19
Let s(m) = -m**2 - 4*m + 1. Let i be s(-4). Let r = i + 2. Let z = r - 1. List the prime factors of z.
2
Let l(u) = 8 + u**3 - u**3 + 8*u**2 - 4*u - u**3. Let o = 25 + -18. List the prime factors of l(o).
29
Suppose -4*p + 369 = 101. List the prime factors of p.
67
Let v(z) be the third derivative of -z**4/2 - 59*z**3/6 + 45*z**2. What are the prime factors of v(-21)?
193
Let a(o) = -16*o - 25. Let l be ((3 - 3) + 7)/(-1). What are the prime factors of a(l)?
3, 29
Suppose 31*a = 2865 + 8357. List the prime factors of a.
2, 181
Let f(k) be the third derivative of k**6/120 + 17*k**5/60 + 2*k**4/3 + 8*k**3/3 + 4*k**2. List the prime factors of f(-16).
2
Suppose -60 = -0*c - 4*c. Suppose -4*h - c = -h. List the prime factors of (h/15)/(2/(-24)).
2
Let a(c) = -273*c + 98. What are the prime factors of a(-5)?
7, 11, 19
Suppose -5*z = -4*l + 6, 2*l + z = 4*z + 2. What are the prime factors of -9 - -307 - (-3)/(6/l)?
2, 3, 5
Suppose 3*a + 3*f = 4*f + 11, 0 = -4*a - f + 10. Suppose 0 = -5*n - 5*k + 525, -3*n - k + 290 = -a*k. What are the prime factors of n?
2, 5
Suppose 29920 = 74*g - 42*g. What are the prime factors of g?
5, 11, 17
Let k = 22 - 47. Let g = k + 33. What are the prime factors of g?
2
Suppose 77 = -5*m + 5*q - 13, -3*m - 48 = 3*q. Let z be 65/(-7) + 2/7. Let s = z - m. What are the prime factors of s?
2
Let c be (-10)/35 - 1374/(-7). Suppose 4*k - 196 = -4*y, 2*y + 6 = -0*y. Suppose -5*f = -2*z - c, 5*f - 132 = -2*z + k. What are the prime factors of f?
2, 19
Suppose 19*m - 18*m - 455